{"id":3886,"date":"2018-02-19T21:14:15","date_gmt":"2018-02-19T20:14:15","guid":{"rendered":"http:\/\/msbenatky.cz\/jidelna\/?page_id=3886"},"modified":"2024-04-28T20:49:51","modified_gmt":"2024-04-28T19:49:51","slug":"prihlaska-ke-stravovani","status":"publish","type":"page","link":"https:\/\/msbenatky.cz\/jidelna\/prihlaska-ke-stravovani\/","title":{"rendered":"P\u0159ihl\u00e1\u0161ka ke stravov\u00e1n\u00ed"},"content":{"rendered":"<ul>\n<li><strong><a href=\"https:\/\/msbenatky.cz\/jidelna\/wp-content\/uploads\/2024\/04\/prihlaska-ke-stravovani-1.doc\">P\u0159ihl\u00e1\u0161ka ke stravov\u00e1n\u00ed<\/a><\/strong><\/li>\n<\/ul>\n","protected":false},"excerpt":{"rendered":"<p>P\u0159ihl\u00e1\u0161ka ke stravov\u00e1n\u00ed<\/p>\n","protected":false},"author":1,"featured_media":0,"parent":0,"menu_order":0,"comment_status":"closed","ping_status":"closed","template":"","meta":[],"_links":{"self":[{"href":"https:\/\/msbenatky.cz\/jidelna\/wp-json\/wp\/v2\/pages\/3886"}],"collection":[{"href":"https:\/\/msbenatky.cz\/jidelna\/wp-json\/wp\/v2\/pages"}],"about":[{"href":"https:\/\/msbenatky.cz\/jidelna\/wp-json\/wp\/v2\/types\/page"}],"author":[{"embeddable":true,"href":"https:\/\/msbenatky.cz\/jidelna\/wp-json\/wp\/v2\/users\/1"}],"replies":[{"embeddable":true,"href":"https:\/\/msbenatky.cz\/jidelna\/wp-json\/wp\/v2\/comments?post=3886"}],"version-history":[{"count":8,"href":"https:\/\/msbenatky.cz\/jidelna\/wp-json\/wp\/v2\/pages\/3886\/revisions"}],"predecessor-version":[{"id":5271,"href":"https:\/\/msbenatky.cz\/jidelna\/wp-json\/wp\/v2\/pages\/3886\/revisions\/5271"}],"wp:attachment":[{"href":"https:\/\/msbenatky.cz\/jidelna\/wp-json\/wp\/v2\/media?parent=3886"}],"curies":[{"name":"wp","href":"https:\/\/api.w.org\/{rel}","templated":true}]}}